{"id":817,"date":"2022-05-03T13:45:54","date_gmt":"2022-05-03T11:45:54","guid":{"rendered":"http:\/\/yveslescene.com\/?page_id=817"},"modified":"2025-11-15T09:11:25","modified_gmt":"2025-11-15T08:11:25","slug":"garantie","status":"publish","type":"page","link":"https:\/\/yveslescene.com\/?page_id=817","title":{"rendered":"ARR\u00caT-TABAC.NET &#8211; Garantie"},"content":{"rendered":"\n<hr class=\"wp-block-separator aligncenter has-alpha-channel-opacity is-style-wide\" id=\"block-7cb59b7e-1300-44bd-8527-0c2e6dba59d7\"\/>\n\n\n\n<p>Dans de rares cas une reprise du tabac est possible (10% des cas).Si c&rsquo;est votre cas, tout va bien car vous b\u00e9n\u00e9ficiez d&rsquo;une&nbsp;<strong>garantie<\/strong><sup>**<\/sup>&nbsp;:<\/p>\n\n\n\n<p>&#8211;&nbsp;<strong>\u00e0 vie&nbsp;<\/strong>(durant tout le temps d&rsquo;exercice du praticien),<\/p>\n\n\n\n<p>&#8211;&nbsp;<strong>gratuite<\/strong>.&nbsp;Cela signifie que votre praticien vous accompagne lors d&rsquo;une s\u00e9ance suppl\u00e9mentaire (gratuite) en cas de reprise de la cigarette. A l\u2019issue de cette deuxi\u00e8me s\u00e9ance, 95%<sup>*&nbsp;<\/sup>des personnes ayant b\u00e9n\u00e9fici\u00e9 de la m\u00e9thode ont arr\u00eat\u00e9 de fumer.<\/p>\n\n\n\n<p>Cette garantie est contractualis\u00e9e.<\/p>\n\n\n\n<hr class=\"wp-block-separator has-css-opacity aligncenter is-style-wide\"\/>\n\n\n\n<p class=\"has-text-align-center\">N\u2019h\u00e9sitez pas \u00e0 <a href=\"mailto:contact@yveslescene.com\">me contacter<\/a>, <br>\u00e0 m&rsquo;appeler au <strong>0<strong>6 32 90 53 79<\/strong><\/strong> pour plus d\u2019informations.<\/p>\n","protected":false},"excerpt":{"rendered":"<p>Dans de rares cas une reprise du tabac est possible (10% des cas).Si c&rsquo;est votre cas, tout va bien car vous b\u00e9n\u00e9ficiez d&rsquo;une&nbsp;garantie**&nbsp;: &#8211;&nbsp;\u00e0 vie&nbsp;(durant tout le temps d&rsquo;exercice du praticien), &#8211;&nbsp;gratuite.&nbsp;Cela signifie que votre praticien vous accompagne lors d&rsquo;une s\u00e9ance suppl\u00e9mentaire (gratuite) en cas de reprise de la cigarette. A l\u2019issue de cette deuxi\u00e8me s\u00e9ance, 95%*&nbsp;des personnes ayant b\u00e9n\u00e9fici\u00e9 de la m\u00e9thode ont arr\u00eat\u00e9 de fumer. Cette garantie est contractualis\u00e9e. N\u2019h\u00e9sitez pas \u00e0 me &hellip; <\/p>\n<p class=\"link-more\"><a href=\"https:\/\/yveslescene.com\/?page_id=817\" class=\"more-link\">Continuer la lecture<span class=\"screen-reader-text\"> de &laquo;&nbsp;ARR\u00caT-TABAC.NET &#8211; Garantie&nbsp;&raquo;<\/span><\/a><\/p>\n","protected":false},"author":3,"featured_media":0,"parent":0,"menu_order":0,"comment_status":"closed","ping_status":"closed","template":"","meta":{"footnotes":""},"class_list":["post-817","page","type-page","status-publish","hentry"],"_links":{"self":[{"href":"https:\/\/yveslescene.com\/index.php?rest_route=\/wp\/v2\/pages\/817","targetHints":{"allow":["GET"]}}],"collection":[{"href":"https:\/\/yveslescene.com\/index.php?rest_route=\/wp\/v2\/pages"}],"about":[{"href":"https:\/\/yveslescene.com\/index.php?rest_route=\/wp\/v2\/types\/page"}],"author":[{"embeddable":true,"href":"https:\/\/yveslescene.com\/index.php?rest_route=\/wp\/v2\/users\/3"}],"replies":[{"embeddable":true,"href":"https:\/\/yveslescene.com\/index.php?rest_route=%2Fwp%2Fv2%2Fcomments&post=817"}],"version-history":[{"count":12,"href":"https:\/\/yveslescene.com\/index.php?rest_route=\/wp\/v2\/pages\/817\/revisions"}],"predecessor-version":[{"id":1349,"href":"https:\/\/yveslescene.com\/index.php?rest_route=\/wp\/v2\/pages\/817\/revisions\/1349"}],"wp:attachment":[{"href":"https:\/\/yveslescene.com\/index.php?rest_route=%2Fwp%2Fv2%2Fmedia&parent=817"}],"curies":[{"name":"wp","href":"https:\/\/api.w.org\/{rel}","templated":true}]}}