{"id":25,"date":"2018-08-14T16:38:35","date_gmt":"2018-08-14T14:38:35","guid":{"rendered":"http:\/\/yveslescene.com\/?page_id=25"},"modified":"2025-11-15T09:06:36","modified_gmt":"2025-11-15T08:06:36","slug":"accueil","status":"publish","type":"page","link":"https:\/\/yveslescene.com\/","title":{"rendered":""},"content":{"rendered":"\n<h2 class=\"wp-block-heading alignwide\" id=\"we-re-a-studio-in-berlin-with-an-international-practice-in-architecture-urban-planning-and-interior-design-we-believe-in-sharing-knowledge-and-promoting-dialogue-to-increase-the-creative-potential-of-collaboration\" style=\"font-size:48px;line-height:1.1\"><em><strong><strong><em>DITES NON AU TABAC<\/em><\/strong><br><\/strong><\/em><\/h2>\n\n\n\n<p class=\"has-text-align-center\"><\/p>\n\n\n<p style=\"text-align: center;\"><img loading=\"lazy\" decoding=\"async\" class=\"alignnone wp-image-1254 size-medium\" src=\"https:\/\/yveslescene.com\/wp-content\/uploads\/2024\/03\/IMG_5675-recadree-274x300.jpg\" alt=\"\" width=\"274\" height=\"300\" srcset=\"https:\/\/yveslescene.com\/wp-content\/uploads\/2024\/03\/IMG_5675-recadree-274x300.jpg 274w, https:\/\/yveslescene.com\/wp-content\/uploads\/2024\/03\/IMG_5675-recadree-936x1024.jpg 936w, https:\/\/yveslescene.com\/wp-content\/uploads\/2024\/03\/IMG_5675-recadree-768x840.jpg 768w, https:\/\/yveslescene.com\/wp-content\/uploads\/2024\/03\/IMG_5675-recadree-1404x1536.jpg 1404w, https:\/\/yveslescene.com\/wp-content\/uploads\/2024\/03\/IMG_5675-recadree-1871x2048.jpg 1871w, https:\/\/yveslescene.com\/wp-content\/uploads\/2024\/03\/IMG_5675-recadree.jpg 1961w\" sizes=\"auto, (max-width: 274px) 100vw, 274px\" \/><\/p>\n<p><!-- \/wp:post-content --> <!-- wp:paragraph {\"align\":\"center\"} --><\/p>\n<p class=\"has-text-align-center\">Toujours en qu\u00eate des m\u00e9thodes les plus efficaces, j\u2019ai rejoint le groupe de praticiens \u201cArr\u00eat Tabac . Net\u201d.<\/p>\n<p><!-- \/wp:paragraph --> <!-- wp:paragraph {\"align\":\"center\"} --><\/p>\n<p class=\"has-text-align-center\">Apr\u00e8s trois ans de pratique de cette m\u00e9thode, j\u2019ai pu constater les r\u00e9els b\u00e9n\u00e9fices qu\u2019elle apporte \u00e0 mes clients.<\/p>\n<p><!-- \/wp:paragraph --> <!-- wp:paragraph {\"align\":\"center\",\"style\":{\"elements\":{\"link\":{\"color\":{\"text\":\"var:preset|color|black\"}}},\"typography\":{\"fontSize\":\"27px\"}},\"backgroundColor\":\"white\",\"textColor\":\"black\"} --><\/p>\n<p class=\"has-text-align-center has-black-color has-white-background-color has-text-color has-background has-link-color\">UN TAUX DE R\u00c9USSITE RECORD<\/p>\n<p><!-- \/wp:paragraph --> <!-- wp:paragraph {\"align\":\"center\",\"style\":{\"elements\":{\"link\":{\"color\":{\"text\":\"var:preset|color|black\"}}},\"typography\":{\"fontSize\":\"16px\"}},\"backgroundColor\":\"white\",\"textColor\":\"black\"} --><\/p>\n<p class=\"has-text-align-center has-black-color has-white-background-color has-text-color has-background has-link-color\"><strong>95% des fumeurs ayant b\u00e9n\u00e9fici\u00e9 de cette m\u00e9thode ont cess\u00e9 d\u00e9finitivement de fumer.\u00a0<br \/>Une seule s\u00e9ance suffit.<\/strong><\/p>\n<p><!-- \/wp:paragraph --> <!-- wp:paragraph {\"align\":\"center\"} --><\/p>\n<p class=\"has-text-align-center\">Quelques exemples de r\u00e9sultats avec les autres m\u00e9thodes :<\/p>\n<p><!-- \/wp:paragraph --> <!-- wp:columns --><\/p>\n<div class=\"wp-block-columns\"><!-- wp:column {\"width\":\"50%\"} -->\n<div class=\"wp-block-column\"><!-- wp:list {\"fontSize\":\"small\"} -->\n<ul class=\"wp-block-list has-small-font-size\">\n<li style=\"list-style-type: none;\">\n<ul class=\"wp-block-list has-small-font-size\"><!-- wp:list-item -->\n<li>Substituts nicotiniques (patchs, chewing-gums, etc.) d&rsquo;environ 9 %<\/li>\n<\/ul>\n<\/li>\n<\/ul>\n<p><!-- \/wp:list-item --> <!-- wp:list-item --><\/p>\n<ul class=\"wp-block-list has-small-font-size\">\n<li style=\"list-style-type: none;\">\n<ul class=\"wp-block-list has-small-font-size\">\n<li>Hypnose classique : environ 30 % de r\u00e9sultats positifs<\/li>\n<\/ul>\n<\/li>\n<\/ul>\n<p><!-- \/wp:list-item --> <!-- wp:list-item --><\/p>\n<ul class=\"wp-block-list has-small-font-size\">\n<li style=\"list-style-type: none;\">\n<ul class=\"wp-block-list has-small-font-size\">\n<li>Acupuncture : environ 20 %. Cette mesure semble varier consid\u00e9rablement d\u2019un acupuncteur \u00e0 l\u2019autre<\/li>\n<\/ul>\n<\/li>\n<\/ul>\n<p><!-- \/wp:list-item --><\/p>\n<p><!-- \/wp:list --><\/p>\n<\/div>\n<p><!-- \/wp:column --> <!-- wp:column {\"width\":\"50%\"} --><\/p>\n<div class=\"wp-block-column\"><!-- wp:list -->\n<ul class=\"wp-block-list\">\n<li style=\"list-style-type: none;\">\n<ul class=\"wp-block-list\"><!-- wp:list-item {\"fontSize\":\"small\"} -->\n<li class=\"has-small-font-size\">Th\u00e9rapies cognitivo-comportementales : 27 % avec 10 semaines de traitement<\/li>\n<\/ul>\n<\/li>\n<\/ul>\n<p><!-- \/wp:list-item --> <!-- wp:list-item {\"fontSize\":\"small\"} --><\/p>\n<ul class=\"wp-block-list\">\n<li style=\"list-style-type: none;\">\n<ul class=\"wp-block-list\">\n<li class=\"has-small-font-size\">Hypnose moderne : les r\u00e9sultats varient beaucoup d\u2019un praticien \u00e0 l\u2019autre. Globalement, on peut esp\u00e9rer environ 60 % de r\u00e9sultats positifs<\/li>\n<\/ul>\n<\/li>\n<\/ul>\n<p><!-- \/wp:list-item --><\/p>\n<p><!-- \/wp:list --><\/p>\n<\/div>\n<p><!-- \/wp:column --><\/p>\n<\/div>\n<p><!-- \/wp:columns --> <!-- wp:paragraph {\"align\":\"center\"} --><\/p>\n<p class=\"has-text-align-center\"><strong>LA M\u00c9THODE \u00ab ARRET-TABAT.NET\u00ae \u00bb, C&rsquo;EST 95 % DE R\u00c9USSITE<\/strong><\/p>\n<h4 style=\"text-align: center;\"><span style=\"color: #ff0000;\"><strong><a style=\"color: #ff0000;\" href=\"https:\/\/yveslescene.com\/?page_id=1204\">Cliquez ici pour plus d&rsquo;information<br \/>sur le d\u00e9roulement de l&rsquo;accompagnement<\/a><\/strong><\/span><\/h4>\n<p><!-- \/wp:paragraph --><\/p>\n<p><!-- \/wp:paragraph --><\/p>\n<p><!-- wp:separator {\"opacity\":\"css\",\"className\":\"is-style-wide\"} --><\/p>\n<hr class=\"wp-block-separator has-css-opacity is-style-wide\" \/><!-- \/wp:separator -->\n<p><!-- wp:paragraph {\"align\":\"center\"} --><\/p>\n<p class=\"has-text-align-center\">N\u2019h\u00e9sitez pas \u00e0 me contacter<a href=\"mailto:contact@yveslescene.com\">\u00a0<\/a>au <strong>06 32 90 53 79<\/strong>\u00a0pour plus d\u2019informations.<br \/>OU<\/p>\n<p><!-- \/wp:paragraph --><\/p>\n<p><!-- wp:buttons {\"layout\":{\"type\":\"flex\",\"justifyContent\":\"center\"}} --><\/p>\n<div class=\"wp-block-buttons\"><!-- wp:button {\"backgroundColor\":\"vivid-red\",\"textColor\":\"white\",\"width\":50,\"className\":\"is-style-outline\",\"style\":{\"border\":{\"radius\":\"43px\"}}} -->\n<div class=\"wp-block-button has-custom-width wp-block-button__width-50 is-style-outline\" style=\"text-align: center;\"><a class=\"wp-block-button__link has-white-color has-vivid-red-background-color has-text-color has-background wp-element-button\" style=\"border-radius: 43px;\" href=\"https:\/\/yveslescene.com\/?page_id=1087\" target=\"_blank\" rel=\"noreferrer noopener\">Cliquez pour Prendre RDV<\/a><\/div>\n<p><!-- \/wp:button --><\/p>\n<\/div>\n<p><!-- \/wp:buttons --><\/p>\n<p><!-- wp:paragraph --><\/p>\n<p><!-- \/wp:paragraph --><\/p>","protected":false},"excerpt":{"rendered":"<p>DITES NON AU TABAC Toujours en qu\u00eate des m\u00e9thodes les plus efficaces, j\u2019ai rejoint le groupe de praticiens \u201cArr\u00eat Tabac . Net\u201d. Apr\u00e8s trois ans de pratique de cette m\u00e9thode, j\u2019ai pu constater les r\u00e9els b\u00e9n\u00e9fices qu\u2019elle apporte \u00e0 mes clients. UN TAUX DE R\u00c9USSITE RECORD 95% des fumeurs ayant b\u00e9n\u00e9fici\u00e9 de cette m\u00e9thode ont cess\u00e9 d\u00e9finitivement de fumer.\u00a0Une seule s\u00e9ance suffit. Quelques exemples de r\u00e9sultats avec les autres m\u00e9thodes : Substituts nicotiniques (patchs, chewing-gums, &hellip; <\/p>\n<p class=\"link-more\"><a href=\"https:\/\/yveslescene.com\/\" class=\"more-link\">Continuer la lecture<span class=\"screen-reader-text\"> de &laquo;&nbsp;&nbsp;&raquo;<\/span><\/a><\/p>\n","protected":false},"author":1,"featured_media":0,"parent":0,"menu_order":0,"comment_status":"closed","ping_status":"closed","template":"","meta":{"footnotes":""},"class_list":["post-25","page","type-page","status-publish","hentry"],"_links":{"self":[{"href":"https:\/\/yveslescene.com\/index.php?rest_route=\/wp\/v2\/pages\/25","targetHints":{"allow":["GET"]}}],"collection":[{"href":"https:\/\/yveslescene.com\/index.php?rest_route=\/wp\/v2\/pages"}],"about":[{"href":"https:\/\/yveslescene.com\/index.php?rest_route=\/wp\/v2\/types\/page"}],"author":[{"embeddable":true,"href":"https:\/\/yveslescene.com\/index.php?rest_route=\/wp\/v2\/users\/1"}],"replies":[{"embeddable":true,"href":"https:\/\/yveslescene.com\/index.php?rest_route=%2Fwp%2Fv2%2Fcomments&post=25"}],"version-history":[{"count":141,"href":"https:\/\/yveslescene.com\/index.php?rest_route=\/wp\/v2\/pages\/25\/revisions"}],"predecessor-version":[{"id":1347,"href":"https:\/\/yveslescene.com\/index.php?rest_route=\/wp\/v2\/pages\/25\/revisions\/1347"}],"wp:attachment":[{"href":"https:\/\/yveslescene.com\/index.php?rest_route=%2Fwp%2Fv2%2Fmedia&parent=25"}],"curies":[{"name":"wp","href":"https:\/\/api.w.org\/{rel}","templated":true}]}}